ate the highest common divisor of 30 and l.
6
Suppose 0*r + r - 31 = 0. Let d be 2*r + (0 - -1). Calculate the highest common divisor of 9 and d.
9
Let x = 51 + 3. Calculate the greatest common factor of 270 and x.
54
Suppose -4 = -3*j + 2*j. Let t be (30/(-4))/((-1)/j). Let m be 5*(144/15)/4. What is the highest common factor of m and t?
6
Let l(m) = -m**3 + 6*m**2 + 7*m + 10. Let u be l(7). What is the greatest common factor of 20 and u?
10
Suppose -5*g - 12 = 3*r, -4*r - 4 + 2 = 2*g. Let z be 29*r + (-2 - -5). Calculate the highest common factor of 4 and z.
4
Suppose -6*t + 609 = -957. Calculate the greatest common divisor of t and 29.
29
Let k(m) = 6*m**2 + 2*m + 1. Let g be k(-1). Let s(q) = q - 9. Let p be s(6). Let t = 4 + p. What is the highest common divisor of t and g?
1
Suppose -4*w - 16 = 0, 4*w + 9 - 95 = -2*i. Let z = 89 - i. What is the greatest common divisor of z and 19?
19
Let y = -28 + 36. Calculate the highest common divisor of y and 72.
8
Let p be (-2 + 1)*(6 - -1). Let k = p + 10. Suppose -7*t + 384 = -k*t. Calculate the greatest common divisor of t and 12.
12
Let c = -7 + 21. Suppose -3*v + c = -f, -2*v - 2 = -2*f - 10. What is the highest common factor of f and 1?
1
Suppose 0 = -3*j - 4*l + 46, -j - 3*l + 3 = -4. Calculate the highest common divisor of 33 and j.
11
Let d(g) = -3*g - 12. Let h be d(-5). Suppose i = 4*i - h. What is the greatest common factor of 5 and i?
1
Let w be (8 + 1)*(0 + 1). Calculate the highest common divisor of 9 and w.
9
Suppose 6 = -2*b + 8. Let f be 2 + b - (-19 - -1). Calculate the greatest common factor of 210 and f.
21
Let q be 76/18 - (-4)/(-18). Suppose -4 - 8 = -6*l. Suppose -l = -d + q. Calculate the highest common divisor of 24 and d.
6
Let r(h) = -6*h - 2. Let l be r(-2). Let x(w) = 2*w**2 + 2*w - 10. Let g be x(5). What is the greatest common divisor of g and l?
10
Let t(z) = 15*z**2 + z + 1. Let f be t(-1). Let j = 0 + f. What is the highest common divisor of j and 10?
5
Let b be 2/3 + (-590)/(-6). Suppose 5*l - 2*q - q - 51 = 0, 2*l - 5*q - 28 = 0. Calculate the highest common divisor of b and l.
9
Let r(z) = -z**3 - 5*z**2 + 6*z + 3. Let w be r(-6). Suppose -y - 19 = -5*m, 3*y - 4*m = -w*m + 13. What is the highest common factor of y and 4?
2
Suppose 3*i - 330 = -3*g, -5*g + i + 203 = -335. Suppose 6*a - 3*a - g = 0. What is the greatest common divisor of a and 4?
4
Suppose x - 23 + 19 = 0. Calculate the greatest common factor of x and 6.
2
Let y = 170 + -162. Calculate the highest common factor of y and 104.
8
Suppose -6*w + 60 = -3*w. Calculate the highest common divisor of 180 and w.
20
Let i be (-34)/6 + 2/(-6). Let j be 2*(1 - 33/i). Calculate the highest common factor of 91 and j.
13
Suppose 0 = -0*n + 5*n, -2*r + 5*n = 140. Let z = -50 - r. Calculate the greatest common factor of z and 20.
20
Let z = 22 + -6. Calculate the greatest common divisor of 208 and z.
16
Let n(f) = -6*f**2 + 3*f**3 - 3*f + 2 - f + 0*f**3 + 3*f**2. Let x be n(4). What is the greatest common factor of x and 52?
26
Let x be (-27)/(-6)*50/3. Suppose -120 = 3*v - 11*v. Calculate the highest common divisor of x and v.
15
Let y = 3 + 4. Calculate the highest common divisor of y and 1.
1
Let x be 4/18*-3*-6. Let v = -2 - -3. Suppose -1 = -2*m + v. What is the greatest common factor of m and x?
1
Let r be (0 - -3)*((-52)/(-3) - -1). What is the greatest common factor of 5 and r?
5
Suppose 0 = 2*k - 4*v + 4, 0*k + 41 = 2*k + 5*v. Let h be (-1 - -3)*(4 + 2). Calculate the highest common divisor of h and k.
4
Let n be (-3)/((-6)/4) + 11. Suppose 6*a - 585 = a. What is the greatest common divisor of a and n?
13
Let p = 10 - 4. Let o be 5/3 - (-2)/p. Suppose -o*f - 58 = -2*d + 3*f, 5*d = -3*f + 83. Calculate the greatest common factor of d and 171.
19
Suppose 4*x = 2*q - 10 + 48, -18 = -4*x - 2*q. Calculate the greatest common factor of x and 7.
7
Let v = 59 - 34. Let b = 6 + -1. What is the highest common factor of v and b?
5
Let b = 209 + -9. What is the greatest common divisor of b and 20?
20
Let b(s) = 2*s**2 - 3*s - 5. Let x be b(4). Calculate the greatest common factor of 45 and x.
15
Let h(z) = -2 + 4 + 1 + 7 - z. Let p be h(7). Let d be 182/10 - p/15. What is the highest common factor of 126 and d?
18
Let w be (-75)/(-7) + 6/21. Let t = -23 - -24. Calculate the highest common divisor of t and w.
1
Let w(u) = u**2 - 6*u - 15. Let y be w(9). Calculate the greatest common factor of 6 and y.
6
Let r = 2 + -1. Suppose -7 = -3*m - r. Suppose -m*a = 5*d - 296, 4*d = -a - 0*a + 151. Calculate the highest common divisor of a and 13.
13
Let j be (1/2)/((-6)/(-24)). Let u be j/3*(-9)/(-6). Suppose -8 = -p + 2*v, u - 4 = -v. Calculate the highest common factor of p and 35.
7
Let x(w) = 2*w**2 - 2*w - 2. Let t be x(2). Let d = -1 + t. Let m be 574/8 - d/(-4). Calculate the highest common divisor of 18 and m.
18
Suppose 0*l = -l + 152. Calculate the greatest common divisor of l and 19.
19
Let r(k) = k**2 - 8*k + 4. Let p be r(8). Suppose 0 = -8*b + p*b + 28. What is the highest common factor of 14 and b?
7
Let s = -11 + 11. Let j(g) = -g**2 - g + 40. Let z be j(s). What is the greatest common factor of z and 100?
20
Suppose -5*q = -q - 5*y - 13, 3*q - 5*y - 11 = 0. What is the greatest common divisor of q and 5?
1
Suppose -2*z - 2*n = -35 + 7, -2*z + 3*n + 23 = 0. What is the greatest common divisor of 13 and z?
13
Let a(j) = j**3 - 4*j**2 + 6*j - 1. Let n be a(5). Suppose n = -6*y + 3*y. Let k be y/5*(-50 + 5). What is the greatest common divisor of k and 18?
18
Let n(u) = u**2 + 5*u - 1. Let a be 9 + -7 - 3*-1. Let m be n(a). Calculate the highest common divisor of m and 7.
7
Suppose 2*u + 1 = -1. Let o(s) = 3*s**3 - 2*s**2 + 1. Let i be o(u). Let l be ((-2)/i)/(5/30). Calculate the greatest common factor of 3 and l.
3
Let w(g) = g + 7. Let l(t) = 1 - 2 + t - 2*t. Let v be l(5). Let r be w(v). Calculate the greatest common divisor of r and 7.
1
Suppose -4*q + 7*q - 66 = 0. Let b(s) = 3*s**2 - s - 4. Let u be b(-6). What is the highest common divisor of u and q?
22
Suppose 10 - 25 = -d. Suppose -3*w - 38 = u, u = 2*w - 0*u + 22. Let s be (w/(-10))/((-2)/(-25)). What is the highest common factor of d and s?
15
Suppose 5*p - 6*p = -2*d - 74, -5*p = 5*d - 385. Let f be p/6 + (-4)/6. What is the highest common divisor of 60 and f?
12
Let l(d) = d + 16. Let a be l(0). Let u = 22 - a. Calculate the greatest common factor of 54 and u.
6
Let b be ((-26)/(-3))/(1/6). Let l(c) = -c**3 + 11*c**2 - 8*c - 7. Let y be 8/(-6)*(-60)/8. Let n be l(y). Calculate the highest common divisor of b and n.
13
Let z be (-4)/3 - 3311/(-33). What is the highest common divisor of 9 and z?
9
Let u = -19 - -65. What is the greatest common factor of 23 and u?
23
Let o(d) = -23*d - 1. Suppose -4*p - 2*f = 2, -18 - 7 = 5*p - 5*f. Let z be o(p). What is the greatest common divisor of 30 and z?
15
Let y(m) be the second derivative of -m**3/6 + 11*m**2 - 7*m. Let g be y(7). What is the greatest common factor of 15 and g?
15
Suppose 4*j - 135 - 89 = 0. Calculate the highest common divisor of j and 140.
28
Let b = 1 + 39. Let r = b + -23. What is the greatest common factor of r and 119?
17
Let p = 31 - 18. What is the highest common divisor of p and 13?
13
Suppose -v + 58 = -0*v - 4*w, 5*v = w + 328. Calculate the greatest common divisor of v and 11.
11
Suppose 5*f - 6 = d, 4*d + 1 - 7 = 5*f. Suppose 2*a - 1 = 2*p + 43, -5*p + 44 = 2*a. What is the greatest common factor of a and f?
2
Suppose 4*x - 24 = 8*x + 4*g, 3*x + 19 = -4*g. Let v(b) = -8*b. Let t be v(x). Calculate the highest common divisor of t and 100.
20
Let x(b) be the third derivative of b**5/20 + b**4/12 - 5*b**3/6 + 2*b**2. Let u be x(-5). Calculate the greatest common factor of u and 15.
15
Let a be ((-2)/3)/((-1)/114). Let d = 3 - -16. What is the highest common factor of a and d?
19
Let a(b) = -b**3 + 8*b**2 + 14*b - 7. Let g = -9 - -18. Let m be a(g). What is the greatest common factor of 95 and m?
19
Let g(n) = -n**3 + 5*n**2 - 2*n - 2. Let l be g(3). Let r = 19 - l. What is the greatest common factor of 27 and r?
9
Suppose h = 2*r - 5, 3*r + 0*h + 3*h = -6. Let d be (21 + r)/(4 - 3). What is the highest common factor of 11 and d?
11
Let m(r) = 2*r**2 + 8*r - 1. Let n be m(-8). 